 = -19. Calculate the remainder when d is divided by 3.
1
Let l(g) = -g**3 + 11*g**2 + 14*g - 15. Suppose 5*h + 3*t - 63 = -0*t, -2*h = -t - 23. Calculate the remainder when 25 is divided by l(h).
7
Suppose 2*v - 4 = -2*l - 0, -3*v = 5*l + 4. Let p = 32 - v. What is the remainder when p is divided by 13/(-6)*(-2 + -4)?
12
Suppose -y = 2*c + 7, -c = 3*y + y. Let i = -17 - -28. Let o = y + i. Calculate the remainder when 33 is divided by o.
9
Let m = 19 - -78. Suppose 5*q = 48 + m. Calculate the remainder when q is divided by 10.
9
Suppose -s + 0*i + 5*i - 6 = 0, -i = -4*s + 14. What is the remainder when s is divided by 4?
0
Let j = 195 + -114. Calculate the remainder when j is divided by 28.
25
Let w(q) = 2*q + 4. Suppose v - 7 = -4*r + 12, -5*r + 4*v + 8 = 0. Suppose -r*i - i + 130 = 0. Calculate the remainder when i is divided by w(5).
12
Suppose 0*c = 2*c + 6. Let g = 8 - c. What is the remainder when g is divided by 6?
5
Let d = 120 + -15. Calculate the remainder when d is divided by 53.
52
Calculate the remainder when 11 is divided by -9*(56/(-12) - -4).
5
Let q = -7 - 5. Let p(d) = -d**3 - 11*d**2 + 11*d - 10. What is the remainder when 4 is divided by p(q)?
0
Let k(u) = u. Let v be 2/((-5)/((-180)/8)). Calculate the remainder when k(v) is divided by 4.
1
Let k = 71 + -40. Calculate the remainder when 123 is divided by k.
30
Suppose 4*r - 43 = -y + 3, 4*y + 5*r - 151 = 0. What is the remainder when y is divided by 12?
10
Let a = 105 + -86. What is the remainder when 51 is divided by a?
13
Suppose -s + 100 = 4*s. Suppose -4*w = 60 - s. What is the remainder when 70*-1*4/w is divided by 15?
13
Let k = 13 - 2. What is the remainder when k is divided by (-2)/9 - 145/(-45)?
2
Let u be 2/7 - (-195)/(-21). Let b = u - -15. What is the remainder when (-4)/10 + 87/5 is divided by b?
5
Suppose -z + 6 + 15 = 2*o, 0 = -4*z - o + 49. Let m = 4 + -15. Let k = m + 17. Calculate the remainder when z is divided by k.
5
Let q(y) be the third derivative of y**5/60 + y**4/4 + y**3/3 - 9*y**2. Calculate the remainder when 6 is divided by q(-6).
0
Let n = 9 + -7. Let b(j) = -j + n*j + j + 1 + 0*j. What is the remainder when b(6) is divided by 7?
6
Calculate the remainder when 33 is divided by (24/(-5))/(16/(-40)).
9
Suppose 0 = -3*z + 48 - 3. Calculate the remainder when 43 is divided by z.
13
Let x(l) = -l**2 + 14*l - 34. Let q = 0 + 8. Calculate the remainder when x(7) is divided by q.
7
Suppose 2*d - 74 = -5*n, -4*d + 118 = -8*n + 3*n. Calculate the remainder when 62 is divided by d.
30
What is the remainder when 2 + 175 + 4 - 1 is divided by 46?
42
Let u = -82 + 111. What is the remainder when 83 is divided by u?
25
Calculate the remainder when 22 is divided by (35/14)/(1/2).
2
Suppose 4*r + 5*r - 315 = 0. Calculate the remainder when r is divided by 12.
11
What is the remainder when 20 is divided by -5 + (-68)/(-12) - 32/(-6)?
2
Suppose 12 + 42 = 3*r. Let s be 20/(-90) - (-184)/r. What is the remainder when 34 is divided by (s - 0) + (-2 - -1)?
7
What is the remainder when 1/7 - 164/(-28) is divided by 2?
0
Let r(p) = -p**3 - 7*p**2 - 6*p + 3. Let s(z) = -z**3 - 3*z**2 + 2*z - 3. Let y be 4/(-3)*(3 + 0). What is the remainder when s(y) is divided by r(-6)?
2
Suppose 0 = -5*d + 2*x + 50, 2*x + x + 33 = 4*d. Suppose l - 5*l + 8 = 0. Suppose 88 = 2*z + l*z. What is the remainder when z is divided by d?
10
Let z(a) = 3*a - 20. Calculate the remainder when 54 is divided by z(9).
5
Let l = 3 - 3. Suppose -5*w - 3*h - 14 + 259 = l, 2*h = 3*w - 166. What is the remainder when w is divided by 11?
8
Suppose -9 = 3*o, -3*z + 40 = -o + 10. Let c(l) = -l + 3. Calculate the remainder when z is divided by c(0).
0
Let g(f) = -f**3 + 6*f**2 - 6*f + 1. Suppose 0*o + 21 = 4*h - o, -5*o - 17 = 2*h. Calculate the remainder when 25 is divided by g(h).
7
Suppose -4*h + 3*v = -54, 0*v - 58 = -4*h + v. Suppose 6*x - 5*x - 40 = 0. Suppose -4*b = b - x. What is the remainder when h is divided by b?
7
Suppose -4*o - 5 = -9. Let z(t) = -3*t**2 + 1. Let a be z(-1). Calculate the remainder when 192/6 + a/o is divided by 16.
14
Suppose o + 64 = 2*k, 4*o - 64 = k - 3*k. Suppose -5*w + 11 = -4*w. Calculate the remainder when k is divided by w.
10
Let d be (-1)/(-2)*-2 - -6. Let q(v) = -v + 9. Let n be q(d). Suppose 0 = m - 4*y - 26, 3*m = 5*m + n*y - 16. What is the remainder when 27 is divided by m?
13
Let q(h) = h**2 - 9*h - 13. Let t be q(11). What is the remainder when (t/(-2))/(2/(-4)) is divided by 3?
0
Suppose n = -4*v + 104 + 74, -8 = 4*n. What is the remainder when v is divided by 12?
9
Let v(j) = j**3 + 8*j**2. What is the remainder when v(-6) is divided by 19?
15
Let x(c) = c + 1. Suppose 3*a = -n + 16, 0*n - 2*n + 2*a = -40. Calculate the remainder when n is divided by x(10).
8
What is the remainder when 3*(-2)/(18/(-87)) is divided by 10?
9
Let q(u) = -4*u + 2. Let x = 149 - 143. Calculate the remainder when q(-2) is divided by x.
4
Suppose 0 = -p + 2*p - 10. Suppose -r + 3*r = p. What is the remainder when 24 is divided by r?
4
Let g = 68 + 62. What is the remainder when g is divided by 12?
10
Suppose -5*g + 0*g + 5*l = -480, 0 = 4*g + 4*l - 392. Let i = 144 - g. Suppose 4*q = 2*q + 48. What is the remainder when i is divided by q?
23
Suppose -8*m + 261 = -5*m. Suppose -4*q + q = -m. What is the remainder when q is divided by 8?
5
Suppose -4*t = -0*t - 20. Let x(b) = -b**2 - 9*b - 4. What is the remainder when x(-6) is divided by t?
4
Suppose -4*j = 3*m + 12 - 53, -2*m + 6 = 0. What is the remainder when 15 is divided by j?
7
Let o(j) = -j**3 + 2*j**2 - 1. Suppose -1 = 4*p - l, 0 = 5*p - 10*p + 5*l + 10. What is the remainder when 4 is divided by o(p)?
0
Suppose 0 = -2*r - z + 68, -r + 3 + 24 = -3*z. What is the remainder when r is divided by 9?
6
Suppose -80 = -2*d - 22. Calculate the remainder when 115 is divided by d.
28
Let d(w) = -w**2 + 18*w + 4. Let t(u) = -4*u. What is the remainder when d(17) is divided by t(-2)?
5
Suppose -2*v = -5*v. What is the remainder when 35 is divided by 21 - v - (1 + 2)?
17
Suppose s + 2*s = 15. What is the remainder when 13 is divided by s?
3
Let z = 23 + -16. Calculate the remainder when -1 + 4/(-18) + (-1920)/(-135) is divided by z.
6
Suppose -4*j - 15 = -9*j - 4*s, 2*j - 3*s - 6 = 0. Suppose j*m = -m + 36. Calculate the remainder when 15 is divided by m.
6
Suppose -5*u - 5 - 25 = 0. What is the remainder when 24 is divided by (-2)/u - 76/(-6)?
11
Suppose -4*b + 67 = -5*z, 4*b + z = -2*z + 43. Calculate the remainder when 42 is divided by b.
3
Let f = 58 - 49. Calculate the remainder when (2 + -19)*-1 - 2 is divided by f.
6
Let d(r) = -r**3 - 15*r**2 - 3*r - 8. What is the remainder when d(-15) is divided by 13?
11
Let z be -289*-1*(-1)/(-1). Let n = 475 - z. Suppose 2*g - 84 = -6*o + 2*o, 2*o = 5*g - n. What is the remainder when g is divided by 13?
12
What is the remainder when 4/7 - (-566)/14 is divided by 15?
11
Let a be -29 + (2 - (1 - -1)). Let w = a + 52. Calculate the remainder when w is divided by 8.
7
Suppose 0 = -4*t + 145 - 33. Suppose -164 = 2*v - 4*v. What is the remainder when v is divided by t?
26
Suppose -4*p = -0*p - 60. Let a = 18 - p. Calculate the remainder when 6 is divided by a.
0
Calculate the remainder when 2 - -17 - (-2 - -5) is divided by 3.
1
Let h = 26 + -15. What is the remainder when 21 is divided by h?
10
Let v(t) = -t**3 - 4*t**2 + 8*t + 7. Let l be v(-5). Calculate the remainder when -212*(1 - (-10)/l) is divided by 14.
11
Let s(z) = -2 - 8*z - 3*z**3 + 0*z**2 + 4*z - 2*z**2. Calculate the remainder when s(-2) is divided by 1 + 0 - (0 - 7).
6
Let d be -3 - (-126)/(-3) - -2. Let j = 90 + d. Calculate the remainder when j is divided by 1*-1 - (-3 - 10).
11
Let z(o) = -o + 12. What is the remainder when 14 is divided by z(6)?
2
Let u be (3 + (-9)/6)*2. Suppose 4*w = 2*g, -w = -u*g - 3*w + 16. What is the remainder when g is divided by 3?
1
Suppose 3 = 3*n - 18. Let c = 2 + 0. Suppose -62 = -4*h - 2*b, 0*h - 42 = -4*h + c*b. What is the remainder when h is divided by n?
6
Let y = 21 + 6. What is the remainder when 80 is divided by y?
26
Let h = -90 - -154. Let u(b) = -b**3 + 7*b**2 + 8*b + 2. Let a be u(8). Suppose a*d = -2*d + h. What is the remainder when 30 is divided by d?
14
Let c(h) = 59*h**3 - h